762 a multiple of 14?
True
Is 122 a factor of 1183087?
False
Is 14 a factor of 19110896?
True
Is 32832 a multiple of 16?
True
Is 168700 a multiple of 20?
True
Is 22602396 a multiple of 1541?
False
Is 65727 a multiple of 155?
False
Is 3164802 a multiple of 599?
False
Does 9 divide 426609?
True
Is 1516 a factor of 263784?
True
Is 260738 a multiple of 7?
False
Is 48 a factor of 16202272?
False
Is 108210 a multiple of 6?
True
Is 3029724 a multiple of 54?
True
Does 90 divide 5580?
True
Does 15 divide 602530?
False
Does 19 divide 1656853?
False
Is 122107 a multiple of 51?
False
Does 20 divide 626075?
False
Is 8488592 a multiple of 193?
False
Is 19 a factor of 530398?
False
Is 9933 a multiple of 207?
False
Is 647424 a multiple of 12?
True
Is 339146 a multiple of 39?
False
Is 10117843 a multiple of 32?
False
Is 341 a factor of 190335?
False
Is 128753 a multiple of 16?
False
Does 3 divide 1901808?
True
Is 117267 a multiple of 89?
False
Is 28 a factor of 16688?
True
Does 40 divide 232826?
False
Is 197 a factor of 21148?
False
Does 127 divide 20814353?
False
Does 107 divide 123050?
True
Is 122455 a multiple of 24?
False
Is 185 a factor of 9675500?
True
Does 501 divide 99339?
False
Does 33 divide 578391?
True
Is 173469 a multiple of 12?
False
Is 1976444 a multiple of 175?
False
Does 268 divide 6979969?
False
Is 466740 a multiple of 103?
False
Is 403309 a multiple of 55?
False
Is 20 a factor of 4353801?
False
Is 5 a factor of 15450?
True
Is 457620 a multiple of 3?
True
Is 43269 a multiple of 321?
False
Does 146 divide 2213214?
True
Is 157 a factor of 2414660?
True
Is 96119 a multiple of 158?
False
Does 19 divide 15512486?
False
Is 92800 a multiple of 43?
False
Does 538 divide 13406459?
False
Is 3171124 a multiple of 239?
False
Is 202917 a multiple of 360?
False
Does 24 divide 33840?
True
Is 36 a factor of 409788?
True
Is 100485 a multiple of 33?
True
Is 2 a factor of 19106?
True
Is 85091 a multiple of 11?
False
Is 1597895 a multiple of 8?
False
Is 156560 a multiple of 8?
True
Is 92166 a multiple of 11?
False
Is 5962186 a multiple of 27?
False
Is 5 a factor of 14700?
True
Is 14 a factor of 1265645?
False
Is 168362 a multiple of 461?
False
Does 605 divide 862846?
False
Is 744035 a multiple of 67?
True
Is 6 a factor of 896040?
True
Is 23 a factor of 557934?
True
Is 132400 a multiple of 50?
True
Does 44 divide 28187?
False
Is 18 a factor of 846090?
True
Is 3533730 a multiple of 10?
True
Is 1410759 a multiple of 343?
True
Is 1342 a factor of 2446053?
False
Is 11 a factor of 27918?
True
Is 130147 a multiple of 341?
False
Is 2123821 a multiple of 9?
False
Is 6 a factor of 1362678?
True
Is 2356539 a multiple of 53?
True
Does 227 divide 1152891?
False
Is 158540 a multiple of 49?
False
Is 103 a factor of 281396?
True
Is 560 a factor of 1002771?
False
Does 29 divide 2024695?
False
Is 19 a factor of 5782878?
True
Does 27 divide 34468?
False
Does 176 divide 186246?
False
Is 27 a factor of 9063522?
True
Is 23 a factor of 8664813?
True
Is 38 a factor of 8682?
False
Is 11214996 a multiple of 116?
True
Is 16 a factor of 538466?
False
Is 13 a factor of 544926?
False
Is 1122662 a multiple of 85?
False
Is 103 a factor of 57989?
True
Is 10 a factor of 2753257?
False
Is 5701952 a multiple of 11?
False
Does 17 divide 1361498?
False
Does 410 divide 1999160?
True
Is 1123200 a multiple of 117?
True
Is 424 a factor of 249142?
False
Does 121 divide 1023436?
False
Is 240 a factor of 5611953?
False
Is 2965483 a multiple of 12?
False
Is 437127 a multiple of 5?
False
Is 4548615 a multiple of 71?
True
Is 21 a factor of 740271?
True
Does 29 divide 2671039?
False
Is 8409 a multiple of 28?
False
Does 154 divide 31059?
False
Does 131 divide 1481313?
False
Is 10 a factor of 156443?
False
Does 158 divide 977533?
False
Does 10 divide 1840417?
False
Is 60 a factor of 142020?
True
Is 7 a factor of 45024?
True
Is 1192325 a multiple of 32?
False
Does 483 divide 4845939?
True
Is 7932 a multiple of 6?
True
Is 3143378 a multiple of 28?
False
Is 7786 a multiple of 458?
True
Is 770700 a multiple of 20?
True
Does 376 divide 942256?
True
Is 7623567 a multiple of 122?
False
Is 42636 a multiple of 6?
True
Is 23000 a multiple of 7?
False
Is 181 a factor of 25045963?
False
Is 238 a factor of 848716?
False
Does 129 divide 1100616?
False
Is 7 a factor of 38067?
False
Is 5585 a multiple of 2?
False
Does 15 divide 4155?
True
Is 337566 a multiple of 127?
True
Is 298944 a multiple of 14?
False
Is 8865472 a multiple of 28?
True
Does 6 divide 970890?
True
Is 245368 a multiple of 188?
False
Does 84 divide 30681336?
True
Is 37 a factor of 20989545?
True
Is 197 a factor of 132809?
False
Is 814187 a multiple of 63?
False
Does 4 divide 167828?
True
Is 15 a factor of 651075?
True
Is 11 a factor of 1248588?
True
Does 159 divide 5917828?
False
Does 99 divide 8144829?
True
Does 370 divide 1057687?
False
Is 924839 even?
False
Does 9 divide 1530528?
False
Does 66 divide 363990?
True
Is 102 a factor of 5362650?
True
Does 7 divide 62167?
True
Is 17 a factor of 489923?
True
Is 25 a factor of 4589400?
True
Does 18 divide 44370?
True
Is 478 a factor of 736120?
True
Is 2921611 a multiple of 19?
True
Is 118944 a multiple of 21?
True
Does 78 divide 7866200?
False
Is 708132 a multiple of 8?
False
Does 2 divide 471929?
False
Does 11 divide 805432?
False
Is 45 a factor of 766305?
True
Is 216 a factor of 400743?
False
Is 38 a factor of 125979?
False
Does 41 divide 1954675?
True
Is 2241765 a multiple of 34?
False
Is 18 a factor of 242280?
True
Is 220901 a multiple of 44?
False
Is 13 a factor of 308326?
False
Is 120 a factor of 153960?
True
Does 164 divide 6683164?
True
Is 402053 a multiple of 327?
False
Does 436 divide 282964?
True
Is 144380 a multiple of 11?
False
Is 54096 a multiple of 16?
True
Is 322952 a multiple of 7?
True
Does 9 divide 12654463?
False
Is 675335 a multiple of 237?
False
Is 2221350 a multiple of 251?
True
Is 174030 a multiple of 10?
True
Does 203 divide 58974?
False
Is 124235 a multiple of 6?
False
Does 9 divide 214467?
False
Is 429022 a multiple of 22?
True
Does 354 divide 131615?
False
Is 133 a factor of 4758892?
False
Is 403541 a multiple of 19?
True
Is 634604 a multiple of 49?
False
Is 7884 a multiple of 4?
True
Does 15 divide 4930072?
False
Is 27 a factor of 9315?
True
Does 498 divide 2699658?
True
Is 2276750 a multiple of 25?
True
Is 2098512 a multiple of 208?
True
Does 30 divide 10867056?
False
Is 590 a factor of 6397486?
False
Does 106 divide 2145864?
True
Does 59 divide 526162?
True
Does 49 divide 139599?
False
Does 55 divide 1083500?
True
Is 6900 a multiple of 25?
True
Does 31 divide 22497289?
True
Does 42 divide 1098174?
True
Does 15 divide 110070?
True
Is 126 a factor of 184129?
False
Is 255063 a multiple of 60?
False
Does 97 divide 1486525?
True
Is 394005 a multiple of 151?
False
Is 667080 a multiple of 680?
True
Is 915242 a multiple of 623?
False
Is 591808 a multiple of 16?
True
Is 212848 a multiple of 53?
True
Does 153 divide 1422479?
False
Is 462042 a multiple of 14?
True
Does 17 divide 363868?
True
Is 456 a factor of 719112?
True
Is 151009 a multiple of 14?
False
Is 2092800 a multiple of 400?
True
Is 927792 a multiple of 204?
True
Does 158 divide 84056?
True
Does 24 divide 184677?
False
Does 6 divide 1193192?
False
Does 19 divide 760?
True
Does 32 divide 1194848?
True
Is 152 a factor of 171043?
False
Does 9 divide 1017459?
True
Does 46 divide 282000?
False
Is 4 a factor of 32288?
True
Is 538 a factor of 672634?
False
Does 897 divide 8413600?
False
Does 81 divide 3929310?
True
Is 6003 a multiple of 9?
True
Is 17 a factor of 2521951?
False
Does 4 divide 67026?
False
Is 593573 a multiple of 3?
False
Is 315 a factor of 13561380?
True
Does 669 divide 7848039?
True
Is 1084 a factor of 1271987?
False
Is 2980755 a multiple of 45?
True
Is 30274 a multiple of 137?
False
Does 25 divide 1469081?
False
Does 226 divide 111792?
False
Is 15658520 a multiple of 1880?
True
Is 61690 even?
True
Does 136 divide 12351510?
False
Is 61 a factor of 613198?
False
Is 11 a factor of 809873?
False
Does 119 divide 80094?
False
Is 11707354 a multiple of 23?
False
Is 5450443 a multiple of 54?
False
Is 147 a factor of 3046131?
False
Is 4442882 a multiple of 34?
True
Does 1234 divide 17078560?
True
Is 100 a factor of 16287?
False
Is